{"id":937,"date":"2021-05-23T11:52:04","date_gmt":"2021-05-23T16:52:04","guid":{"rendered":"https:\/\/anakkara-ach.com\/anakkara\/?page_id=922"},"modified":"2026-05-08T15:56:22","modified_gmt":"2026-05-08T20:56:22","slug":"notre-personnel-de-2024","status":"publish","type":"page","link":"https:\/\/anakkara-ach.com\/anakkara\/fr\/notre-personnel-de-2024\/","title":{"rendered":"NOTRE PERSONNEL 2026"},"content":{"rendered":"<section class=\"av_textblock_section \"  itemscope=\"itemscope\" itemtype=\"https:\/\/schema.org\/CreativeWork\" ><div class='avia_textblock  '   itemprop=\"text\" ><h1><strong>\u00c9quipe Anakkara 2026<\/strong><\/h1>\n<h4>Nous sommes ravies de vous pr\u00e9senter certains des membres exceptionnels de notre \u00e9quipe, qui contribueront \u00e0 rendre cet \u00e9t\u00e9 vraiment inoubliable !<\/h4>\n<\/div><\/section>\n<div class=\"flex_column av_one_half  flex_column_div av-zero-column-padding first  avia-builder-el-1  el_after_av_textblock  el_before_av_one_half  column-top-margin\" style='border-radius:0px; '><section  class='avia-team-member   avia-builder-el-2  avia-builder-el-no-sibling '  itemscope=\"itemscope\" itemtype=\"https:\/\/schema.org\/Person\" ><div class='team-img-container'><img width=\"300\" height=\"300\" class='wp-image-2597 avia-img-lazy-loading-not-2597 avia_image avia_image_team' src=\"https:\/\/anakkara-ach.com\/anakkara\/wp-content\/uploads\/2024\/06\/Josie-3-300x300.png\" alt='JOSIE'  itemprop=\"image\" srcset=\"https:\/\/anakkara-ach.com\/anakkara\/wp-content\/uploads\/2024\/06\/Josie-3-300x300.png 300w, https:\/\/anakkara-ach.com\/anakkara\/wp-content\/uploads\/2024\/06\/Josie-3-1030x1030.png 1030w, https:\/\/anakkara-ach.com\/anakkara\/wp-content\/uploads\/2024\/06\/Josie-3-80x80.png 80w, https:\/\/anakkara-ach.com\/anakkara\/wp-content\/uploads\/2024\/06\/Josie-3-768x768.png 768w, https:\/\/anakkara-ach.com\/anakkara\/wp-content\/uploads\/2024\/06\/Josie-3-36x36.png 36w, https:\/\/anakkara-ach.com\/anakkara\/wp-content\/uploads\/2024\/06\/Josie-3-180x180.png 180w, https:\/\/anakkara-ach.com\/anakkara\/wp-content\/uploads\/2024\/06\/Josie-3-705x705.png 705w, https:\/\/anakkara-ach.com\/anakkara\/wp-content\/uploads\/2024\/06\/Josie-3.png 1366w\" sizes=\"(max-width: 300px) 100vw, 300px\" \/><\/div><h3 class='team-member-name'   style='color:#d65799; '  itemprop=\"name\" >JOSIE<\/h3><div class='team-member-job-title av_opacity_variation'  style='color:#d65799; '  itemprop=\"jobTitle\" >Monitrice<\/div><div class='team-member-description '  itemprop=\"description\"  ><p>Salut ! Je suis ravie de passer mon sixi\u00e8me \u00e9t\u00e9 au camp d\u2018\u00e9t\u00e9 Anakkara avec l\u2019Acad\u00e9mie de musique de NDG. J\u2018ai \u00e9t\u00e9 b\u00e9n\u00e9vole en 2020 et 2021 et employ\u00e9e \u00e0 temps plein en 2022. L\u2019an dernier, j\u2018\u00e9tais responsable du parc et j\u2019ai toujours ador\u00e9 animer le jeu du \u00ab Cri silencieux \u00bb avec les enfants. J\u2018aime la randonn\u00e9e, la p\u00e2tisserie, la lecture et j\u2019adore jouer et cr\u00e9er avec eux.<\/p>\n<\/div><span class='hidden team-member-affiliation'  itemprop=\"affiliation\" >Anakkara Summer Camp with Acad\u00e9mie de Musique NDG<\/span><\/section><\/div>\n<div class=\"flex_column av_one_half  flex_column_div av-zero-column-padding   avia-builder-el-3  el_after_av_one_half  el_before_av_one_half  column-top-margin\" style='border-radius:0px; '><section  class='avia-team-member   avia-builder-el-4  avia-builder-el-no-sibling '  itemscope=\"itemscope\" itemtype=\"https:\/\/schema.org\/Person\" ><div class='team-img-container'><img width=\"300\" height=\"300\" class='wp-image-2618 avia-img-lazy-loading-not-2618 avia_image avia_image_team' src=\"https:\/\/anakkara-ach.com\/anakkara\/wp-content\/uploads\/2024\/06\/Gwenna-1-300x300.png\" alt='GWENNA'  itemprop=\"image\" srcset=\"https:\/\/anakkara-ach.com\/anakkara\/wp-content\/uploads\/2024\/06\/Gwenna-1-300x300.png 300w, https:\/\/anakkara-ach.com\/anakkara\/wp-content\/uploads\/2024\/06\/Gwenna-1-1030x1030.png 1030w, https:\/\/anakkara-ach.com\/anakkara\/wp-content\/uploads\/2024\/06\/Gwenna-1-80x80.png 80w, https:\/\/anakkara-ach.com\/anakkara\/wp-content\/uploads\/2024\/06\/Gwenna-1-768x768.png 768w, https:\/\/anakkara-ach.com\/anakkara\/wp-content\/uploads\/2024\/06\/Gwenna-1-36x36.png 36w, https:\/\/anakkara-ach.com\/anakkara\/wp-content\/uploads\/2024\/06\/Gwenna-1-180x180.png 180w, https:\/\/anakkara-ach.com\/anakkara\/wp-content\/uploads\/2024\/06\/Gwenna-1-705x705.png 705w, https:\/\/anakkara-ach.com\/anakkara\/wp-content\/uploads\/2024\/06\/Gwenna-1.png 1366w\" sizes=\"(max-width: 300px) 100vw, 300px\" \/><\/div><h3 class='team-member-name'   style='color:#d65799; '  itemprop=\"name\" >GWENNA<\/h3><div class='team-member-job-title av_opacity_variation'  style='color:#d65799; '  itemprop=\"jobTitle\" >Monitrice<\/div><div class='team-member-description '  itemprop=\"description\"  ><p>Je joue de la fl\u00fbte traversi\u00e8re depuis 14 ans et de la guitare basse depuis 7 ans, mais j\u2018ai aussi pris des cours de clarinette, de saxophone, de trombone, de ukul\u00e9l\u00e9 et de guitare. Je suis dipl\u00f4m\u00e9e de l\u2019Universit\u00e9 McGill, o\u00f9 j\u2018ai obtenu une majeure en interpr\u00e9tation de la fl\u00fbte traversi\u00e8re et une mineure en \u00e9ducation musicale. J\u2019ai une ma\u00eetrise en musique \u00e0 McGill et j\u2019envisage un doctorat en interpr\u00e9tation de la fl\u00fbte traversi\u00e8re afin de devenir professeure de fl\u00fbte. J\u2018adore enseigner la musique et je suis toujours ravie de transmettre ma passion aux personnes de tous \u00e2ges. Pendant mon temps libre, j\u2019aime faire de la plong\u00e9e sous-marine et nager ; j\u2018adore \u00eatre dans l\u2019eau !<\/p>\n<\/div><span class='hidden team-member-affiliation'  itemprop=\"affiliation\" >Anakkara Summer Camp with Acad\u00e9mie de Musique NDG<\/span><\/section><\/div><div class=\"flex_column av_one_half  flex_column_div av-zero-column-padding first  avia-builder-el-5  el_after_av_one_half  el_before_av_one_half  column-top-margin\" style='border-radius:0px; '><section  class='avia-team-member   avia-builder-el-6  avia-builder-el-no-sibling '  itemscope=\"itemscope\" itemtype=\"https:\/\/schema.org\/Person\" ><div class='team-img-container'><img width=\"300\" height=\"300\" class='wp-image-3100 avia-img-lazy-loading-not-3100 avia_image avia_image_team' src=\"https:\/\/anakkara-ach.com\/anakkara\/wp-content\/uploads\/2026\/05\/Emmy-Anakkara-1-1-300x300.jpg\" alt='EMMY'  itemprop=\"image\" srcset=\"https:\/\/anakkara-ach.com\/anakkara\/wp-content\/uploads\/2026\/05\/Emmy-Anakkara-1-1-300x300.jpg 300w, https:\/\/anakkara-ach.com\/anakkara\/wp-content\/uploads\/2026\/05\/Emmy-Anakkara-1-1-80x80.jpg 80w, https:\/\/anakkara-ach.com\/anakkara\/wp-content\/uploads\/2026\/05\/Emmy-Anakkara-1-1-36x36.jpg 36w, https:\/\/anakkara-ach.com\/anakkara\/wp-content\/uploads\/2026\/05\/Emmy-Anakkara-1-1-180x180.jpg 180w, https:\/\/anakkara-ach.com\/anakkara\/wp-content\/uploads\/2026\/05\/Emmy-Anakkara-1-1.jpg 476w\" sizes=\"(max-width: 300px) 100vw, 300px\" \/><\/div><h3 class='team-member-name'   style='color:#d65799; '  itemprop=\"name\" >EMMY<\/h3><div class='team-member-job-title av_opacity_variation'  style='color:#d65799; '  itemprop=\"jobTitle\" >Coordonnatrice musicale<\/div><div class='team-member-description '  itemprop=\"description\"  ><p>Bonjour! Je m\u2019appelle Emmy et je suis ravie de me joindre \u00e0 l\u2019\u00e9quipe du camp d\u2019\u00e9t\u00e9 Anakkara avec l\u2019Acad\u00e9mie de musique NDG, o\u00f9 j\u2019occuperai le postes de coordonnatrice musicale et conseill\u00e8re g\u00e9n\u00e9rale. Je vais commencer ma derni\u00e8re ann\u00e9e \u00e0 l\u2018Universit\u00e9 Concordia cet automne en \u00e9tudes de l\u2019enfance, avec une double sp\u00e9cialisation en milieu de la petite enfance et en besoins particuliers et diversit\u00e9. Je dirige actuellement le programme pour enfants au centre Chabad de NDG et j\u2018ai beaucoup d\u2019exp\u00e9rience avec les enfants dans diff\u00e9rents contextes. \u00c7a fait 17 ans que je joue de la guitare et je chante depuis ma plus tendre enfance. Je suis une artiste r\u00e9guli\u00e8re \u00e0 Porchfest NDG ainsi qu\u2019\u00e0 d\u2019autres \u00e9v\u00e9nements. J\u2019ai vraiment h\u00e2te d\u2019enseigner la musique et la guitare, et de m\u2019amuser avec tout le monde au camp!<\/p>\n<\/div><span class='hidden team-member-affiliation'  itemprop=\"affiliation\" >Anakkara Summer Camp with Acad\u00e9mie de Musique NDG<\/span><\/section><\/div><\/p>\n<div class=\"flex_column av_one_half  flex_column_div av-zero-column-padding   avia-builder-el-7  el_after_av_one_half  el_before_av_one_half  column-top-margin\" style='border-radius:0px; '><section  class='avia-team-member   avia-builder-el-8  avia-builder-el-no-sibling '  itemscope=\"itemscope\" itemtype=\"https:\/\/schema.org\/Person\" ><div class='team-img-container'><img width=\"300\" height=\"300\" class='wp-image-2748 avia-img-lazy-loading-not-2748 avia_image avia_image_team' src=\"https:\/\/anakkara-ach.com\/anakkara\/wp-content\/uploads\/2025\/05\/image1-1-300x300.jpeg\" alt='OLIVIA'  itemprop=\"image\" srcset=\"https:\/\/anakkara-ach.com\/anakkara\/wp-content\/uploads\/2025\/05\/image1-1-300x300.jpeg 300w, https:\/\/anakkara-ach.com\/anakkara\/wp-content\/uploads\/2025\/05\/image1-1-1026x1030.jpeg 1026w, https:\/\/anakkara-ach.com\/anakkara\/wp-content\/uploads\/2025\/05\/image1-1-80x80.jpeg 80w, https:\/\/anakkara-ach.com\/anakkara\/wp-content\/uploads\/2025\/05\/image1-1-768x771.jpeg 768w, https:\/\/anakkara-ach.com\/anakkara\/wp-content\/uploads\/2025\/05\/image1-1-36x36.jpeg 36w, https:\/\/anakkara-ach.com\/anakkara\/wp-content\/uploads\/2025\/05\/image1-1-180x180.jpeg 180w, https:\/\/anakkara-ach.com\/anakkara\/wp-content\/uploads\/2025\/05\/image1-1-703x705.jpeg 703w, https:\/\/anakkara-ach.com\/anakkara\/wp-content\/uploads\/2025\/05\/image1-1.jpeg 1171w\" sizes=\"(max-width: 300px) 100vw, 300px\" \/><\/div><h3 class='team-member-name'   style='color:#d65799; '  itemprop=\"name\" >OLIVIA<\/h3><div class='team-member-job-title av_opacity_variation'  style='color:#d65799; '  itemprop=\"jobTitle\" >Monitrice<\/div><div class='team-member-description '  itemprop=\"description\"  ><p>Bonjour, je m\u2018appelle Olivia et je suis tr\u00e8s heureuse de commencer ma deuxi\u00e8me ann\u00e9e au camp d\u2019\u00e9t\u00e9 Anakkara avec l\u2018Acad\u00e9mie de Musique NDG ! Je suis \u00e9tudiante en deuxi\u00e8me ann\u00e9e au Coll\u00e8ge Dawson, o\u00f9 je suis des \u00e9tudes en sciences de l\u2019environnement. Mes loisirs incluent la guitare, la photographie et le crochet. J\u2019ai h\u00e2te de passer un \u00e9t\u00e9 formidable avec vous tous !<\/p>\n<\/div><span class='hidden team-member-affiliation'  itemprop=\"affiliation\" >Anakkara Summer Camp with Acad\u00e9mie de Musique NDG<\/span><\/section><\/div>\n<div class=\"flex_column av_one_half  flex_column_div av-zero-column-padding first  avia-builder-el-9  el_after_av_one_half  el_before_av_one_half  column-top-margin\" style='border-radius:0px; '><section  class='avia-team-member   avia-builder-el-10  avia-builder-el-no-sibling '  itemscope=\"itemscope\" itemtype=\"https:\/\/schema.org\/Person\" ><div class='team-img-container'><img width=\"300\" height=\"300\" class='wp-image-3103 avia-img-lazy-loading-not-3103 avia_image avia_image_team' src=\"https:\/\/anakkara-ach.com\/anakkara\/wp-content\/uploads\/2026\/05\/Elli-Rouleau-2-300x300.jpeg\" alt='ELLI'  itemprop=\"image\" srcset=\"https:\/\/anakkara-ach.com\/anakkara\/wp-content\/uploads\/2026\/05\/Elli-Rouleau-2-300x300.jpeg 300w, https:\/\/anakkara-ach.com\/anakkara\/wp-content\/uploads\/2026\/05\/Elli-Rouleau-2-1030x1030.jpeg 1030w, https:\/\/anakkara-ach.com\/anakkara\/wp-content\/uploads\/2026\/05\/Elli-Rouleau-2-80x80.jpeg 80w, https:\/\/anakkara-ach.com\/anakkara\/wp-content\/uploads\/2026\/05\/Elli-Rouleau-2-768x768.jpeg 768w, https:\/\/anakkara-ach.com\/anakkara\/wp-content\/uploads\/2026\/05\/Elli-Rouleau-2-1536x1536.jpeg 1536w, https:\/\/anakkara-ach.com\/anakkara\/wp-content\/uploads\/2026\/05\/Elli-Rouleau-2-2048x2048.jpeg 2048w, https:\/\/anakkara-ach.com\/anakkara\/wp-content\/uploads\/2026\/05\/Elli-Rouleau-2-36x36.jpeg 36w, https:\/\/anakkara-ach.com\/anakkara\/wp-content\/uploads\/2026\/05\/Elli-Rouleau-2-180x180.jpeg 180w, https:\/\/anakkara-ach.com\/anakkara\/wp-content\/uploads\/2026\/05\/Elli-Rouleau-2-1500x1500.jpeg 1500w, https:\/\/anakkara-ach.com\/anakkara\/wp-content\/uploads\/2026\/05\/Elli-Rouleau-2-705x705.jpeg 705w\" sizes=\"(max-width: 300px) 100vw, 300px\" \/><\/div><h3 class='team-member-name'   style='color:#d65799; '  itemprop=\"name\" >ELLI<\/h3><div class='team-member-job-title av_opacity_variation'  style='color:#d65799; '  itemprop=\"jobTitle\" >Monitrice<\/div><div class='team-member-description '  itemprop=\"description\"  ><p>Bonjour, je m\u2019appelle Elli Rouleau et je suis motiv\u00e9e \u00e0 rejoindre l\u2019\u00e9quipe cet \u00e9t\u00e9 comme conseill\u00e8re. \u00c0 mon \u00e9cole secondaire, je faisais partie d\u2019un comit\u00e9 qui soutenait la r\u00e9ussite et l\u2019int\u00e9gration de nouveaux \u00e9l\u00e8ves. J\u2019ai jou\u00e9 au flag football et j\u2019appr\u00e9cie toujours d\u00e9couvrir de nouveaux sports et loisirs. J\u2019adore \u00e9couter de la musique, me promener dans la nature et rencontrer de nouvelles personnes. J\u2019ai tr\u00e8s h\u00e2te de vous rencontrer tous et de passer un bel \u00e9t\u00e9 ensemble.<\/p>\n<\/div><span class='hidden team-member-affiliation'  itemprop=\"affiliation\" >Anakkara Summer Camp with Acad\u00e9mie de Musique NDG<\/span><\/section><\/div>\n<div class=\"flex_column av_one_half  flex_column_div av-zero-column-padding   avia-builder-el-11  el_after_av_one_half  el_before_av_one_half  column-top-margin\" style='border-radius:0px; '><section  class='avia-team-member   avia-builder-el-12  avia-builder-el-no-sibling '  itemscope=\"itemscope\" itemtype=\"https:\/\/schema.org\/Person\" ><div class='team-img-container'><img width=\"300\" height=\"300\" class='wp-image-3102 avia-img-lazy-loading-not-3102 avia_image avia_image_team' src=\"https:\/\/anakkara-ach.com\/anakkara\/wp-content\/uploads\/2026\/05\/IMG_6683-3-300x300.jpeg\" alt='ANNA'  itemprop=\"image\" srcset=\"https:\/\/anakkara-ach.com\/anakkara\/wp-content\/uploads\/2026\/05\/IMG_6683-3-300x300.jpeg 300w, https:\/\/anakkara-ach.com\/anakkara\/wp-content\/uploads\/2026\/05\/IMG_6683-3-1030x1030.jpeg 1030w, https:\/\/anakkara-ach.com\/anakkara\/wp-content\/uploads\/2026\/05\/IMG_6683-3-80x80.jpeg 80w, https:\/\/anakkara-ach.com\/anakkara\/wp-content\/uploads\/2026\/05\/IMG_6683-3-768x767.jpeg 768w, https:\/\/anakkara-ach.com\/anakkara\/wp-content\/uploads\/2026\/05\/IMG_6683-3-1536x1536.jpeg 1536w, https:\/\/anakkara-ach.com\/anakkara\/wp-content\/uploads\/2026\/05\/IMG_6683-3-2048x2046.jpeg 2048w, https:\/\/anakkara-ach.com\/anakkara\/wp-content\/uploads\/2026\/05\/IMG_6683-3-36x36.jpeg 36w, https:\/\/anakkara-ach.com\/anakkara\/wp-content\/uploads\/2026\/05\/IMG_6683-3-180x180.jpeg 180w, https:\/\/anakkara-ach.com\/anakkara\/wp-content\/uploads\/2026\/05\/IMG_6683-3-1500x1500.jpeg 1500w, https:\/\/anakkara-ach.com\/anakkara\/wp-content\/uploads\/2026\/05\/IMG_6683-3-705x705.jpeg 705w\" sizes=\"(max-width: 300px) 100vw, 300px\" \/><\/div><h3 class='team-member-name'   style='color:#d65799; '  itemprop=\"name\" >ANNA<\/h3><div class='team-member-job-title av_opacity_variation'  style='color:#d65799; '  itemprop=\"jobTitle\" >Monitrice<\/div><div class='team-member-description '  itemprop=\"description\"  ><p>Bonjour \u00e0 tous, je m\u2018appelle Anna et j\u2019ai tr\u00e8s h\u00e2te de commencer ma premi\u00e8re ann\u00e9e au camp d\u2018\u00e9t\u00e9 Anakkara ! \u00c0 l\u2019automne, je vais commencer mes \u00e9tudes d\u2018architecture \u00e0 l\u2019universit\u00e9 McGill. J\u2018adore toutes les formes d\u2019art, alors je suis tr\u00e8s heureux de voir toutes les activit\u00e9s artistiques et de bricolage que nous allons r\u00e9aliser cet \u00e9t\u00e9. J\u2019ai tellement h\u00e2te de rencontrer tout le monde!<\/p>\n<\/div><span class='hidden team-member-affiliation'  itemprop=\"affiliation\" >Anakkara Summer Camp with Acad\u00e9mie de Musique NDG<\/span><\/section><\/div>\n<div class=\"flex_column av_one_half  flex_column_div av-zero-column-padding first  avia-builder-el-13  el_after_av_one_half  avia-builder-el-last  column-top-margin\" style='border-radius:0px; '><section  class='avia-team-member   avia-builder-el-14  avia-builder-el-no-sibling '  itemscope=\"itemscope\" itemtype=\"https:\/\/schema.org\/Person\" ><div class='team-img-container'><img width=\"292\" height=\"300\" class='wp-image-3104 avia-img-lazy-loading-not-3104 avia_image avia_image_team' src=\"https:\/\/anakkara-ach.com\/anakkara\/wp-content\/uploads\/2026\/05\/Laure-292x300.jpg\" alt='LAURE'  itemprop=\"image\" srcset=\"https:\/\/anakkara-ach.com\/anakkara\/wp-content\/uploads\/2026\/05\/Laure-292x300.jpg 292w, https:\/\/anakkara-ach.com\/anakkara\/wp-content\/uploads\/2026\/05\/Laure-1004x1030.jpg 1004w, https:\/\/anakkara-ach.com\/anakkara\/wp-content\/uploads\/2026\/05\/Laure-768x788.jpg 768w, https:\/\/anakkara-ach.com\/anakkara\/wp-content\/uploads\/2026\/05\/Laure-36x36.jpg 36w, https:\/\/anakkara-ach.com\/anakkara\/wp-content\/uploads\/2026\/05\/Laure-687x705.jpg 687w, https:\/\/anakkara-ach.com\/anakkara\/wp-content\/uploads\/2026\/05\/Laure.jpg 1162w\" sizes=\"(max-width: 292px) 100vw, 292px\" \/><\/div><h3 class='team-member-name'   style='color:#d65799; '  itemprop=\"name\" >LAURE<\/h3><div class='team-member-job-title av_opacity_variation'  style='color:#d65799; '  itemprop=\"jobTitle\" >Monitrice<\/div><div class='team-member-description '  itemprop=\"description\"  ><p>Bonjour! Je m\u2019appelle Laure Nguyen et je suis ravie de me joindre \u00e0 l\u2019\u00e9quipe de ce merveilleux camp! Durant les derni\u00e8res ann\u00e9es, j\u2019ai particip\u00e9 \u00e0 de nombreuses activit\u00e9s et comit\u00e9s culturels \u00e0 mon coll\u00e8ge tels que le gouvernement \u00e9tudiant, les b\u00e9n\u00e9volats sportifs, les journ\u00e9es de culture et bien d\u2019autres. Je joue actuellement au flag-football, au soccer et au futsal dans le parascolaire de mon \u00e9cole secondaire, mais \u00e9galement aupr\u00e8s du coll\u00e8ge Bois-de-Boulogne qui m\u2019attendra l\u2019ann\u00e9e prochaine! J\u2019aime beaucoup les enfants et j\u2019ai tr\u00e8s h\u00e2te de participer aux activit\u00e9s du camp et de rencontrer toute cette belle \u00e9quipe! \u00c0 bient\u00f4t!<\/p>\n<\/div><span class='hidden team-member-affiliation'  itemprop=\"affiliation\" >Anakkara Summer Camp with Acad\u00e9mie de Musique NDG<\/span><\/section><\/div>\n","protected":false},"excerpt":{"rendered":"","protected":false},"author":1,"featured_media":0,"parent":0,"menu_order":0,"comment_status":"closed","ping_status":"closed","template":"","meta":[],"_links":{"self":[{"href":"https:\/\/anakkara-ach.com\/anakkara\/wp-json\/wp\/v2\/pages\/937"}],"collection":[{"href":"https:\/\/anakkara-ach.com\/anakkara\/wp-json\/wp\/v2\/pages"}],"about":[{"href":"https:\/\/anakkara-ach.com\/anakkara\/wp-json\/wp\/v2\/types\/page"}],"author":[{"embeddable":true,"href":"https:\/\/anakkara-ach.com\/anakkara\/wp-json\/wp\/v2\/users\/1"}],"replies":[{"embeddable":true,"href":"https:\/\/anakkara-ach.com\/anakkara\/wp-json\/wp\/v2\/comments?post=937"}],"version-history":[{"count":27,"href":"https:\/\/anakkara-ach.com\/anakkara\/wp-json\/wp\/v2\/pages\/937\/revisions"}],"predecessor-version":[{"id":3116,"href":"https:\/\/anakkara-ach.com\/anakkara\/wp-json\/wp\/v2\/pages\/937\/revisions\/3116"}],"wp:attachment":[{"href":"https:\/\/anakkara-ach.com\/anakkara\/wp-json\/wp\/v2\/media?parent=937"}],"curies":[{"name":"wp","href":"https:\/\/api.w.org\/{rel}","templated":true}]}}